at is the units digit of x(f)?
9
Let r be (-5328)/192*(-3 + -1). Let j = r + 8. What is the hundreds digit of j?
1
Let h(o) = 59*o + 3119. What is the hundreds digit of h(76)?
6
Suppose 0 = 3*c + 120 - 147. Let f be (-3)/((-54)/(-12)) + 13182/c. Suppose 104*q - f = 98*q. What is the units digit of q?
4
Let c = 444 - 180. Let o = c - 180. What is the tens digit of o?
8
Suppose 0 = -13*d + 4315 + 599. Suppose 40*a = 43*a - d. What is the units digit of a?
6
Let i = 1 + 74. Let q = i + -52. Let k = q + 15. What is the units digit of k?
8
Suppose -3*y = 4*b - 122342, 3*y = 68*b - 64*b + 122398. What is the ten thousands digit of y?
4
What is the hundreds digit of (12070/3 - (-1230)/82)*(-1 + 7)?
2
Let r be 4/((-32)/(-56)) + 13385. Suppose -5*z - r = -32*z. What is the units digit of z?
6
What is the ten thousands digit of 8364/(-238)*(2 - 996)?
3
Let m = -6824 + 10744. What is the units digit of m?
0
Suppose 33 + 75 = -2*v. Let x = 321 - v. What is the tens digit of x?
7
Let b = -1 + 6. Suppose h + y - 151 = -2*y, -820 = -b*h - 2*y. What is the hundreds digit of h?
1
Let a = 3913 + 3026. What is the hundreds digit of a?
9
Let d(z) be the first derivative of -z**4/4 + 13*z**3/3 + 4*z**2 - 75*z + 15. What is the units digit of d(13)?
9
Let h(b) = -48*b**3 + 4*b**2 + 3*b - 4. Let d be 3*5/5 + -5. Let k be h(d). Suppose q - 7*q = -k. What is the units digit of q?
5
Suppose 19 = 4*f - 3*m, -2*m + 10 = -9*f + 12*f. Suppose -4*i + 520 = -5*x, -i - f*x + 2*x + 143 = 0. What is the units digit of i?
5
Let m(z) be the first derivative of z**3/3 - 13*z**2/2 + 21*z - 8. Let j be m(15). What is the units digit of 39/2*272/j?
4
Let d(u) = -u**2 + 33*u - 201. Let o be d(25). Let b(g) = -371*g**3 - 2*g**2 + g + 1. What is the units digit of b(o)?
9
Suppose 21*c + 2*o - 99266 = 18*c, -4*o = 8. What is the tens digit of c?
9
Suppose -22*y + 32157 = -389297. What is the units digit of y?
7
Let l = 61 - 188. Let w = l - -169. What is the units digit of w?
2
Suppose -5*a + 90559 = -u, 4*u - 18990 = 4*a - 91418. What is the ten thousands digit of a?
1
Let k(l) = -2*l - 51. Let o be k(-28). Suppose -v - 2181 = -5*s, s + o*v - 398 - 33 = 0. What is the units digit of s?
6
Suppose l - 37 = -o + 5*l, 5*l = -3*o + 111. Let n be -9 + -3 + 3 + 1. Let h = o - n. What is the units digit of h?
5
Let n = 204 - 80. Suppose l + n = -80. Let s = -134 - l. What is the tens digit of s?
7
Suppose 162*r + 199*r = 2703529. What is the hundreds digit of r?
4
Let t(g) = -655*g - 2497. What is the hundreds digit of t(-19)?
9
Suppose 0 = -4*j + f - 3, -3 = 5*j - 2*f + 3. Suppose 4*k - 1523 = 3*z, j*z - 1898 = -5*k - 2*z. What is the units digit of k?
0
Let g(p) = 11*p**2 - 3*p + 10. Suppose 13*z - 150 = 3*z. Suppose 17 = -3*j + 5*j + 3*r, 3*j - z = -r. What is the units digit of g(j)?
4
Suppose 1879*d - 5*u + 105929 = 1883*d, 4*d = -2*u + 105938. What is the units digit of d?
6
Suppose -5*g + 2*j = 6*j - 18, -4*g = -3*j - 2. Suppose g*d - 46 = 204. Suppose -d = -4*w + 527. What is the units digit of w?
3
Let r be 4/(-10) - (0 - 56/(-10)). Let u(o) = o**3 + 6*o**2 + o + 8. Let g be u(r). Suppose h - 146 = -2*n + 74, -3*n = g*h - 331. What is the units digit of n?
9
Let z = 272 + -387. Let k = z + 117. What is the units digit of ((-12)/3)/k + -1 + 52?
9
Let k = 459 - 215. Suppose o + 646 = 5*y, -2*y = -2*o - 2*o - k. What is the hundreds digit of y?
1
Let h = 38 - 35. Suppose 0 = b + 5*n - 47, -4*b - 2*n + 113 = h*n. Let k = -9 + b. What is the tens digit of k?
1
Let z(h) = 2*h**3 - 99*h**2 + 152*h - 111. What is the hundreds digit of z(48)?
2
Suppose 55*a - 4*k - 14653 = 50*a, 2*a - 2*k - 5860 = 0. What is the thousands digit of a?
2
Suppose 0 = s - 7*s + 1128. Let m = 44 + s. Suppose 67*k = 69*k - m. What is the hundreds digit of k?
1
Let y(a) = -133*a + 168. Let d(f) = -44*f + 56. Let u(c) = -17*d(c) + 6*y(c). What is the tens digit of u(-5)?
0
Suppose 135*g - 9170 = 128*g. Suppose -g = -2*u - 208. What is the units digit of u?
1
Let q = 5725 + -3394. Let i = 3516 - q. What is the tens digit of i?
8
Let q(g) = 2*g**2 - 13*g - 64. Let h be q(10). Suppose h*v + 446 = 8*v. What is the tens digit of v?
2
Let d = -24 + 24. Suppose -15 + d = -3*j, 4*k + 4*j - 44 = 0. What is the tens digit of 16*(k - (0 - -2))?
6
Let g(b) = b**2 - 9*b - 15. Let j be g(-2). What is the units digit of 609 - 1 - (20/4 - j)?
0
Let f = 98 + -51. Suppose -f*q + 43*q + 60 = 0. What is the tens digit of q?
1
Let d(n) = 15596*n - 1047. What is the hundreds digit of d(2)?
1
Suppose 0 = 157*q - 43*q - 17069 - 47797. What is the tens digit of q?
6
Suppose -4*s = 3*y - 926, 0*s + 300 = y - 3*s. Suppose -4*z + y = -558. What is the units digit of z?
6
Suppose 3*c + 5 = 5*c - f, 0 = -2*c - 2*f + 20. Suppose -c*l = -143 - 337. Suppose l = t - 11. What is the hundreds digit of t?
1
Let m = 2701 - 538. What is the tens digit of m?
6
Let p = 38 + -38. Suppose -11*j + 13*j - 1072 = p. Suppose -2*t = -l - 3*l - j, -t + 3*l + 267 = 0. What is the tens digit of t?
7
Let f(m) = -1972*m + 1034. What is the ten thousands digit of f(-6)?
1
Suppose 0 = -2*n + 41221 - 2071. Suppose -14*x - 15*x = -n. What is the units digit of x?
5
Let x be ((-45)/10)/((-12)/16). Suppose -7*k = -x*k - 669. Suppose -11*j + 948 = -k. What is the hundreds digit of j?
1
Let k(o) = -o**3 + 13*o**2 - 7*o. Let l = -43 - -47. Suppose 4*m - 52 = 4*d, -6 + 38 = 3*m + l*d. What is the units digit of k(m)?
0
What is the hundreds digit of (3 - (-37314)/12)/((-15)/(-40))?
3
Let z(d) = -215 + 52 - 125*d + 526. What is the hundreds digit of z(-9)?
4
Let p be 30/25*(-10)/4. Let w = 6 + p. Suppose -4*z = -5*c + 213, 133 = 3*c - w*z - 2*z. What is the units digit of c?
1
Let f be (237/6)/((-1)/(-2)) - -2. Suppose -f = -9*j + 90. What is the tens digit of j?
1
Suppose 4*t - 3*t + 7 = 0. Let c(z) = -3*z**2 + 5*z + 52. Let v(l) = -l**2 + 2*l + 17. Let a(m) = t*v(m) + 2*c(m). What is the units digit of a(11)?
2
Suppose 0 = 4*f - 4 + 24, 0 = c - 3*f - 163. Suppose -4*y + 5*y = -5*z + c, -5*y + 694 = 2*z. Suppose 8*i - 6*i - y = 0. What is the units digit of i?
9
Let y be -3 - (-3)/(12/20). Suppose 0 = -y*u - 2*i - 6, -u = -i + 3*i + 8. Suppose 0 = u*a - 606 + 226. What is the tens digit of a?
9
Let v(t) = 2*t - 24. Let k be v(14). Suppose 3*d - 4 = 14. Suppose -3*z + 12 = 3*h, k*h = 4*z - d*z + 8. What is the units digit of z?
4
Let j = -125 - -128. Suppose 0*x + 5*x + 5*i = 855, 0 = x + j*i - 177. What is the hundreds digit of x?
1
Let m be 32/20 - -3 - 21/35. Suppose 0 = -z, m*s - 879 - 161 = -3*z. What is the hundreds digit of s?
2
Let y = 99 + -86. Let f be (0/(-4))/(2 + -1). Let c = f + y. What is the tens digit of c?
1
Suppose 4*m - 2826 = 12974. Let c = m + -2248. What is the hundreds digit of c?
7
Let u(k) = -3124*k + 174. What is the tens digit of u(-1)?
9
Suppose -4*g + 10956 = 4*u, -25*g = -27*g - 4. What is the tens digit of u?
4
What is the hundreds digit of (-25635075)/(-825) - 2/(-11)?
0
Let h(y) = 62*y - 13*y - 10*y. Let j be h(1). Suppose t = j + 137. What is the units digit of t?
6
Suppose 4*x = -2*k + 12, 64*k - 60*k - 4*x + 12 = 0. Suppose -4*y + c = -3751 - 1772, -3*y - 4*c + 4128 = k. What is the hundreds digit of y?
3
Let o(c) = 17*c + 8. Let q be o(41). Let f = q - -590. What is the tens digit of f?
9
Let n be (1 - (-901 + 3)) + (-14 - -9). Let a = n + -335. What is the units digit of a?
9
What is the thousands digit of (42/28*-2)/(3/(-46833))?
6
Let t = -801 - -363. Let d = 1743 + t. What is the units digit of d?
5
Suppose -47*x + 1594326 - 124520 = -21*x. What is the units digit of x?
1
Suppose -z - 6565 = -5*z - q, 3*z - 4922 = q. What is the hundreds digit of z?
6
Let k be (4/3)/(19/57). Suppose 2*w - 442 = -k*n, -5*w + 2*w - 3*n = -663. What is the hundreds digit of w?
2
Suppose 78*x = 80*x - 6. Suppose x*l + 4403 = 4*v - 810, 5220 = 4*v + 4*l. What is the tens digit of v?
0
Let f(d) = -d**3 + 12*d**2 + 14*d - 11. Let i be f(13). Suppose -q - 15*v = -20*v - 357, i*q - 3*v = 728. What is the tens digit of q?
6
Suppose -279606 - 321544 = -55*v. What is the units digit of v?
0
Suppose k - 4*b - 6512 = 4220, -b = 2*k - 21500. What is the hundreds digit of k?
7
Let d = 14 + -3. Let w(y) = y**3 - 10*y**2 + 3*y - 13. What is the hundreds digit of w(d)?
1
